(g/(-9) + 3)?
5
Let s = 0 + -8. Let m(n) = n**3 + 9*n**2 + 8*n + 11. What is the tens digit of m(s)?
1
Let i = 2 + 2. Suppose 0 = 5*s - i*s - 27. Let m = 38 - s. What is the units digit of m?
1
Suppose 4*x = x + 12. Suppose -3*p + 30 = -5*w, 0 = -x*w - 3 + 15. What is the units digit of p?
5
What is the units digit of 7/(-1)*2/(-2)?
7
Suppose 0*p = p + 3. Let m be 3*p/6*10. Let u = m - -21. What is the units digit of u?
6
Let g(w) = -4*w**3 - w**2 + 1. Let l be g(1). What is the units digit of 2/l + (-45)/(-6)?
7
Let k be (1 + -2)/((-5)/(-10)). Let w be k/(1 - 0) - -155. What is the tens digit of (-8)/2*w/(-36)?
1
Suppose -3*i = 2*r + r - 195, -3*i + 160 = -4*r. What is the units digit of i?
0
Let a = 817 - 579. What is the hundreds digit of a?
2
Suppose n = -4*n. Suppose -1 = 3*c + 2*p - 11, n = -c + p. Suppose 0 = -d + c*d - 2. What is the units digit of d?
2
Let r(b) be the third derivative of 0 + 1/4*b**4 + 2*b**2 + 0*b - 1/2*b**3 - 1/60*b**5. What is the units digit of r(4)?
5
Let o = 4 + 1. What is the units digit of o?
5
Let x(u) = u - 1. Let q(n) = 0*n + 6*n - 1 - n + 0*n. Let l be q(1). What is the units digit of x(l)?
3
Let y be 3/(-3 + 6)*7. What is the units digit of (y/(-3))/((-3)/9)?
7
Let y be (-27)/2*(-38 + 2). Suppose 0*u + 90 = 3*u. What is the units digit of (-2)/10 + y/u?
6
Let x = 16 + -13. What is the units digit of x?
3
Let b(p) = -p**2 - p + 14. What is the tens digit of b(0)?
1
Suppose 2*k - 14 = -3*y + 3*k, -5*y + 5*k + 20 = 0. Suppose y*m - 20 = 4*m. What is the tens digit of m?
2
Let c = 10 + 5. Let i = 6 + c. What is the units digit of (i/9)/((-1)/(-3))?
7
Suppose -3*n - 4*f = -96, -5*n - 3*f + 228 = 68. What is the units digit of n?
2
Let l(j) = -j - 2. Let z be l(-2). Suppose -x - 2*t + 6 = z, -3*t - 16 = -7*t. What is the units digit of x/(-6)*(3 + 15)?
6
Suppose 6 = 3*b - 30. Let y be ((-1)/1)/(0 - -1). What is the units digit of b*(3/2 + y)?
6
Let b = -29 - -59. What is the tens digit of b?
3
Suppose -5*y + 95 = -n - 59, -4*n = y - 14. What is the tens digit of (y/(-9))/((-3)/9)?
1
Let d(o) = 3*o. Let t be d(1). Suppose -5*s + 4*g = -107, 5*s - 2*g = t*s + 44. What is the units digit of s?
9
Let i(t) = t + 5. What is the units digit of i(0)?
5
Suppose 5*o - 227 = -n, -3*o + 20 + 133 = -5*n. Let r = -28 + o. Suppose j - r = -j. What is the units digit of j?
9
Let r(z) = -z + 11. Let p(q) = 9*q**2 - q. Let b be p(1). What is the units digit of r(b)?
3
Let f = -133 - -256. What is the hundreds digit of f?
1
Let h = -8 + 9. Let v = h + -1. Suppose -2*b + y + 5 + 9 = 0, 5*y + 10 = v. What is the units digit of b?
6
Let a be ((-48)/(-15) - 2)*5. Suppose 4*g = a + 6. Suppose -4*h - 6 = -r, -2*h = -r - h + g. What is the units digit of r?
2
Suppose -3*d + 62 = -2*b - 0*b, -d - 5*b = -15. What is the units digit of d?
0
Suppose r + 1 = 4. Suppose 5*y - 2*y = -2*w - 8, 18 = r*w - 3*y. What is the units digit of w?
2
Let o = 7 - -7. Let q = o + -5. What is the units digit of -1 + 2/(6/q)?
2
Let u(m) = m - 4. Let z = 3 + 10. Suppose 0 = -3*v + 3, z = s - v + 5. What is the units digit of u(s)?
5
Let a be 0/(-2 - 1) + 2. Suppose -3*t = -a*w - 8 - 0, 2*w + 4 = t. Let j = 2 + w. What is the units digit of j?
1
Let x = 8 + -2. Let g be (3 - 0) + (-54)/x. Let q = 5 - g. What is the units digit of q?
1
Let o(r) = -5*r - 7. Let w be o(-8). Suppose 15 = 4*h + 4*g - w, -34 = -3*h - g. What is the tens digit of h?
1
Suppose 5 = 12*g - 7*g. Let j(h) = -3*h + 10*h - 1 + 0. What is the units digit of j(g)?
6
Let h(i) = -4*i + 4. What is the units digit of h(-12)?
2
Let w(b) = -5*b - b**3 + 0 + 0 - 6*b**2 + 4. Let a be w(-5). Suppose -39 = -a*u + 5. What is the units digit of u?
1
Suppose 5*u + 0*u = 100. Suppose -4*l = -4*n + u, -2*n - 10 - 5 = 3*l. Suppose 5*p = 5*f + 2*p - 49, 3*f + 5*p - 43 = n. What is the units digit of f?
1
Let m = 3 + -3. Let g(c) = 3*c**2 - c + 8. Let b(f) = 2*f**2 - f + 8. Let h(n) = 4*b(n) - 3*g(n). What is the units digit of h(m)?
8
Let h be (-2 + -2)/(-1 - -2). Suppose -2*r - 2*d + 18 = 0, 0 = -3*r - 2*r + 2*d + 73. Let l = r + h. What is the units digit of l?
9
Suppose 2*a + 2*j + 84 = 6*a, -3*a + j + 62 = 0. What is the tens digit of a?
2
Let d(n) = n**3 - 7*n**2 + n - 2. Let x be d(7). Suppose -b + x = -3. What is the units digit of b?
8
Let b(i) = i**2 + i + 1. Let l be b(-2). Suppose 0 = 4*m - 6 - 2. Suppose l*a - 9 = m*a. What is the units digit of a?
9
Suppose 2*g - 7*g - 30 = 0. Let v(z) = z - 2*z - z - 7. What is the units digit of v(g)?
5
Let h(m) = m**3 + 8*m**2 + 5*m + 8. What is the units digit of h(-6)?
0
Let s = -442 + 670. What is the tens digit of s?
2
Let k be 2/(-11) + 48/22. Suppose y = -k*f + 74, 0 = 4*f + 2*y + y - 152. What is the tens digit of f?
3
Suppose 0*x - 254 = -2*b + 4*x, 3*b + 4*x = 341. What is the units digit of b?
9
Let h(v) = -12*v + 4. Let y(b) = b - 1. Let z(w) = h(w) + 8*y(w). Let j be z(-7). What is the units digit of 2/(3*2/j)?
8
Suppose -b + 0*b = -29. What is the tens digit of b?
2
Let c be (9/(-5))/((-1)/5). Let w(o) = o - 9. Let x be w(c). Suppose -n + 2*n - 2 = x. What is the units digit of n?
2
What is the hundreds digit of (-2)/(-6) + (-359)/(-3)?
1
Suppose -4*f = -f. Suppose f = 5*b - 2*b - 6. Suppose -3*n + b*n + 5*p - 11 = 0, -1 = -n + 2*p. What is the units digit of n?
9
Suppose f - 2*f = 0. Let i(z) = 1 - 4*z + z**3 - 2*z**2 - z**2 + f. What is the units digit of i(4)?
1
Suppose 2*u + 9 = 111. What is the tens digit of u?
5
Suppose 4*h = 288 - 16. What is the tens digit of h?
6
What is the hundreds digit of -325*((-1)/3 - (-7)/(-105))?
1
Let t = -7 + 8. Let g(d) = 24*d + 1. What is the units digit of g(t)?
5
Let h(c) = 16*c**2 + c. Suppose 0 = 4*l - 5*l + 1. What is the units digit of h(l)?
7
Let x(f) = 4*f**2 + f. Let y be x(-1). Suppose 4*n - 51 + y = 0. What is the tens digit of n?
1
Let t be 189/4 + 4/(-16). Suppose 22 = 3*i - t. Let r = i - 15. What is the units digit of r?
8
Suppose -d + 5*o + 2 = 3*d, -5*o = 2*d - 16. Suppose -2*v - 6 + 0 = 0, d*z - 5*v - 30 = 0. Let b = z + 4. What is the units digit of b?
9
Suppose 51 = k - z + 2*z, 0 = k - 4*z - 51. What is the tens digit of k?
5
Suppose 0 = 4*h + 5*c + 3, 10 + 5 = 3*h - 2*c. Suppose -h*j + 3*u - 27 = 0, -3*j - 19 = -7*u + 2*u. What is the tens digit of (3 - j) + -3 - -2?
1
Suppose -2*x = 5*f - 286, 2*x - 35 + 141 = 2*f. What is the units digit of f?
6
Let i be 96/9 - (-4)/(-6). Let y be 1*(0 + 9)/3. Let n = i - y. What is the units digit of n?
7
Suppose 4*x = -4*y - 0*y + 20, 4*x - 34 = 3*y. Let b = -5 + x. What is the units digit of b?
2
Let k = 388 - 198. What is the tens digit of k?
9
Let g(o) = -3*o - 4. Let k be g(-3). Let h(d) = -d + 7. Let z be h(5). What is the units digit of (z - k)/((-6)/10)?
5
Let v be (19 + 5)/(1/7). Suppose 0*d + 4*d - v = 4*r, -2*r = 6. What is the units digit of d?
9
Let w(z) = -z**3 - 5*z**2 - 3*z - 2. Let s be w(-5). Let k be s/3 + 8/12. Suppose k*v - x = 10, -x = -3*x. What is the units digit of v?
2
Suppose -2*d - 5*l = -0*d - 22, d - 12 = -2*l. Suppose -5*r = 5*p - 30, 0*p - d = -p - 3*r. What is the units digit of p?
1
Let h = -65 + 109. What is the units digit of h?
4
Suppose -4*a - 1348 + 126 = -3*r, 5*r - 2085 = -3*a. What is the hundreds digit of r?
4
Let j = 4 - 2. Suppose b - j*b = -3. Suppose 4*u = b*a - 2*a + 46, 3*u - 29 = -2*a. What is the tens digit of u?
1
Let f = -91 + 127. Suppose v + v + f = 0. Let y = -5 - v. What is the units digit of y?
3
Suppose -10*h = -5*h - 150. What is the tens digit of h?
3
Let a(i) be the third derivative of i**5/10 - 2*i**2. What is the units digit of a(1)?
6
Let t(z) = -11*z**3 - 13*z**2 - 26*z + 13. Let f(s) = -7*s**3 - 9*s**2 - 17*s + 9. Let x(q) = 8*f(q) - 5*t(q). What is the units digit of x(-6)?
7
Suppose -3*x + 15 = -21. Suppose -m = -3*h + 9, m + x = 5*m. Suppose -3*b - j = b - 21, -5*j = -h*b - 9. What is the units digit of b?
4
Let z(c) = -6*c**2 - 1 + 10*c**2 - 3*c + 2*c. Let t be z(-1). Suppose 0 = -0*j - 2*j + 8, -4*p + 32 = t*j. What is the units digit of p?
4
Suppose 0 = -4*x - 12, 3*j + 11 = -2*j + 3*x. Let q = 10 + j. What is the units digit of q?
6
Suppose -6*y + 3*y + 18 = 0. Suppose -14 = -a - 5*f + y*f, -4*f = a - 34. What is the units digit of a?
8
Let y = -182 - -353. What is the hundr